t q = o + -20. Let a = 48 + q. What is the remainder when 68 is divided by a?
33
Let p = -347 + 722. What is the remainder when 48 is divided by (-2)/(-7) - (4 - p/35)?
6
Suppose -6*w - 3*w + 593 = -397. What is the remainder when w is divided by 14?
12
Let k = 8304 + -8231. What is the remainder when 382 is divided by k?
17
Let y be (-384)/36*6/4. Let u(k) = -k**3 - 16*k**2 - 7*k - 10. What is the remainder when u(y) is divided by 39 + -2 + 3 - (4 + 1)?
32
Suppose 4*y - 2*b - 36188 = 0, 5*y - b - 13650 - 31576 = 0. Calculate the remainder when y is divided by 15.
14
Suppose 5*b - 4*c + 35 - 157 = 0, -b + 4*c = -18. Calculate the remainder when 209 is divided by b.
1
Let g = 12 - -5. Let a = g + -7. Calculate the remainder when (-8575)/5145*1/(-10)*(4 - -98) is divided by a.
7
Let n = 6100 + -5348. What is the remainder when n is divided by 7?
3
Suppose -5*a + 283 = 4*b, -5*a + 0*a = -b - 298. Suppose -518*u - 225 = -533*u. What is the remainder when a is divided by u?
14
Let s be 288/32 + 1*91. Suppose 0 = 4*l - 16, -3*b + 3*l + s = -2*l. Suppose 5*p - 242 - 143 = 0. Calculate the remainder when p is divided by b.
37
Let s(w) = 13*w**2 + 1. Let h be s(1). Let b = 28 - h. Let m = 24354 + -24350. Calculate the remainder when b is divided by m.
2
Suppose -6*d + 8*d - 76 = -4*p, 0 = -2*p - 4*d + 50. Calculate the remainder when 627 is divided by p.
15
Calculate the remainder when 722 is divided by (1/((-3)/(-5)) + 132/(-198))*34.
8
Let l(b) = 226*b - 1096. Calculate the remainder when 465 is divided by l(5).
23
Let c = 117 - 85. Let b = c + -4. What is the remainder when b is divided by 16?
12
Let b = 180 + -124. What is the remainder when ((-360)/(-70))/(6/b) is divided by 17?
14
Suppose -7441 = -9*t + t - 577. Calculate the remainder when t is divided by 41.
38
Calculate the remainder when 646 is divided by -8 - 2 - (-58 - -21).
25
Let l(d) = -2*d**2 + 111*d - 38. What is the remainder when 662 is divided by l(55)?
16
Let g(t) = 2*t**2 + 2*t - 27. Calculate the remainder when 916 is divided by g(4).
6
Suppose -59*x + 5597 + 2814 = -2327. Calculate the remainder when 583 is divided by x.
37
Suppose 0 = -5*p + 2*v - 20 - 21, -3*p - 4*v = 9. Calculate the remainder when ((-28)/12)/p - 604/(-6) is divided by 37.
27
Let u = -229588 - -229939. Let x(k) = k**2 + 2*k - 2. Calculate the remainder when u is divided by x(5).
21
Calculate the remainder when 2287 is divided by 0 + (-2 - -2) + (21 - -5).
25
Let m(l) = 3*l**2 - 85*l + 372. Calculate the remainder when 1924 is divided by m(5).
10
Suppose u + 407 = 4*z, u - 56 = z - 157. Suppose 4*i + 19 = -5. What is the remainder when z is divided by 30/i*26/(-10)?
11
Calculate the remainder when 22885/75 - 7 - 9/(270/4) is divided by 44.
34
Let f(d) = 3*d + 6. Let u be f(2). Let a = 16 + -16. Suppose a = u*v - 11*v - 113. What is the remainder when v is divided by 23?
21
Let y(h) = -2*h**2 - 4*h - 1. Let b be y(-3). Let s = b + 22. What is the remainder when s is divided by -4*(-3)/54 - (-612)/162?
3
Let z = -47 - -90. Calculate the remainder when (645/25)/((-72)/(-120)) is divided by z.
0
Let z = -4023 - -4099. Calculate the remainder when 166 is divided by z.
14
Suppose -5*t + 4*q = 1929, -2*t - 412 = -3*q + 354. Let b = t - -468. What is the remainder when 90 is divided by b?
11
Let s = 3008 + -2080. Calculate the remainder when 947 is divided by s.
19
Suppose 10*p - 65496 = -12*p - 2*p. What is the remainder when p is divided by 342?
335
What is the remainder when 626 is divided by (-3 - 2)/(7/(-1) + (-960)/(-144))?
11
Let z be (54/(-4))/(129/(-86)). Calculate the remainder when (4400/15)/(-5)*z/(-3) is divided by 41.
12
Suppose -304 = 55*o - 1074. Calculate the remainder when (-1 + o/6)/(8/12) is divided by 1.
0
Let u(r) = 3 + 2 - 2 + 18*r. Suppose 0 = -o - x, o + 9 - 15 = 5*x. What is the remainder when u(o) is divided by 12?
9
Suppose 4*l + 11 = -3*h, 5*h - 26*l + 49 = -25*l. What is the remainder when 131 is divided by 11/(-99)*2 - 101/h?
10
Suppose -4*y - m + 1834 = -1113, -y = 2*m - 742. What is the remainder when y is divided by 195?
151
Let p = 37145 + -34458. What is the remainder when p is divided by 21?
20
Let g = 95 - 136. Let x = g - -54. Calculate the remainder when x is divided by 12.
1
Suppose 4995 = 140*x + 95. What is the remainder when 66 is divided by x?
31
Let l(q) = q + 26. Let y be l(-26). Let c be (-40)/(3*((-2)/12 - y)). Suppose -264 = -8*i + c. What is the remainder when i is divided by 11?
10
Suppose 0 = -4*g + 3 - 55. What is the remainder when (-2)/(-1)*g*15/(-6) is divided by 22/3*36/24?
10
Calculate the remainder when 293 is divided by ((-2)/(-10) - (-120)/(-225))/(9/(-1431)).
28
Suppose -3*k + 5*z - 4*z + 147 = 0, -z = -2*k + 99. Let w be -2 + (-2)/(-2) + -15. Let u = w + 27. Calculate the remainder when k is divided by u.
4
Calculate the remainder when (((-36)/(-72))/(6/(-27)))/(3/(-1264)) is divided by 167.
113
Let j(y) be the third derivative of -y**6/120 + 7*y**5/60 - 7*y**4/24 + 9*y**2. What is the remainder when (1 + (3 - -39))*(-1)/(-1) is divided by j(3)?
13
Let y = -15260 + 15736. Calculate the remainder when y is divided by 111.
32
Let j(b) = 158*b + 67. What is the remainder when j(9) is divided by 7?
5
Let v(k) = -k**3 - 14*k**2 - 11*k + 11. Let u be v(-14). Let j = -156 + u. What is the remainder when 22 is divided by j?
4
Suppose -8*s = -10*s - 55*s + 4902. What is the remainder when 1111 is divided by s?
79
Suppose -3*z + 4 = -5. Suppose 0 = -5*l + 25, -4*l - 12 = -z*t + 37. Suppose 4*u = 5*u - t. What is the remainder when u is divided by 6?
5
Let g = 702 + -589. What is the remainder when 380 is divided by g?
41
Let y = -172 + 98. Let p = y - -86. Calculate the remainder when 29 is divided by p.
5
Let y(r) = r**3 + 12*r**2. Let c be y(-12). Suppose o - 636 + 610 = c. Calculate the remainder when o is divided by 20.
6
Suppose 38*h - 42*h + 2*a + 2986 = 0, 4*h - 4*a = 2988. Calculate the remainder when h is divided by 263.
220
Suppose 332*h - 12232 = 310*h. Calculate the remainder when h is divided by 30.
16
Let l = 2 + 49. Let c(x) = -x**2 + 6*x - 1. Let p be c(7). Let z(i) = -i**2 - 12*i - 5. What is the remainder when l is divided by z(p)?
24
Suppose 34*c + 2*t = 30*c + 22, -4*t - 21 = -5*c. Suppose 0 = 3*l + 5*v - 32, c*l - 5*v = 80 - 0. Calculate the remainder when l is divided by 10.
4
Let x be 5 + 0/(-3) - 0. Suppose 5*a - 82 = -5*o + 3, x*a = -2*o + 73. Calculate the remainder when a is divided by 8.
5
Let f = 10208 - 10172. What is the remainder when 3309 is divided by f?
33
What is the remainder when 5226 is divided by (28 - 137)/((-6)/24)?
430
Calculate the remainder when (38 - -364)*(15/(-9) - (-3 + 1)) is divided by 106.
28
What is the remainder when -60*(-8)/(-48) + 79*1 is divided by 14?
13
Let m = 7526 + -6687. What is the remainder when m is divided by 40?
39
Let c(r) = -1. Let k(a) = 21*a**2 - a + 6. Let f be (-30)/4*(-12)/15. Let j(y) = f*c(y) + k(y). Calculate the remainder when j(1) is divided by 11.
9
What is the remainder when 4212 is divided by (-1)/(-6) + (-3)/((-72)/1172)?
47
Let u(r) = 26*r**2 - 116*r - 351. Calculate the remainder when u(-3) is divided by 110.
11
Let u(c) = 2*c**2 + 26*c - 29. Let j be u(-14). What is the remainder when 109 is divided by ((-5)/j)/(-1) - (-1 + -20)?
13
Suppose 19 - 3 = 4*f, 2*f - 11 = -z. Let r(w) = w**3 - 3*w**2 + 3*w + 4. Let p be r(z). Let k = p + -5. Calculate the remainder when 19 is divided by k.
3
Let g = -366 - -489. Calculate the remainder when g is divided by 57.
9
Let a(f) = 29*f - 143. Let z be a(5). Suppose z = 3*c - 43. What is the remainder when 101 is divided by c?
11
Let n(y) = y**3 + 9*y**2 + 12*y - 2. Let t be n(-9). Let q be (-6)/(-6)*(-1 - t). Let d = -64 + q. Calculate the remainder when d is divided by 17.
11
Let a = -273 + 391. Suppose -6*i + 6826 = 2*i + 226. What is the remainder when i is divided by a?
117
Let a = -17 - -17. Suppose -4*g + 0*g - 120 = a. Let l = g - -36. What is the remainder when 21 is divided by l?
3
Let r = 1097 + -1828. Let c = 776 + r. Calculate the remainder when 93 is divided by c.
3
Let k(u) = u**3 + u + 59. Let q(r) = -2*r + 18. Let g(t) = t**2 + 10*t + 25. Let x be g(-8). Let n be q(x). What is the remainder when k(n) is divided by 20?
19
S